est common divisor of 27 and 14373.
9
Calculate the greatest common factor of 22 and 5148.
22
What is the highest common divisor of 697 and 82?
41
What is the greatest common factor of 9 and 711?
9
What is the highest common factor of 30 and 486?
6
What is the greatest common divisor of 784 and 112?
112
Calculate the highest common divisor of 648 and 192.
24
Calculate the highest common divisor of 1776 and 333.
111
What is the highest common factor of 4402 and 994?
142
What is the greatest common factor of 2006 and 34?
34
Calculate the highest common divisor of 19 and 3439.
19
Calculate the highest common factor of 198 and 36.
18
What is the highest common divisor of 205 and 25?
5
What is the highest common factor of 350 and 290?
10
Calculate the greatest common factor of 168 and 700.
28
Calculate the greatest common divisor of 810 and 1170.
90
What is the highest common divisor of 86 and 731?
43
What is the highest common factor of 6578 and 13?
13
What is the greatest common factor of 52 and 67756?
52
What is the highest common factor of 186 and 6?
6
What is the highest common factor of 845 and 1560?
65
What is the greatest common divisor of 344 and 76?
4
What is the highest common divisor of 12 and 92?
4
What is the greatest common divisor of 26 and 2678?
26
What is the highest common factor of 648 and 10152?
216
What is the highest common divisor of 389 and 3?
1
What is the greatest common divisor of 900 and 162?
18
What is the greatest common factor of 272 and 7664?
16
Calculate the greatest common divisor of 91 and 2457.
91
What is the greatest common divisor of 23 and 92?
23
What is the highest common factor of 30 and 222?
6
What is the greatest common divisor of 62 and 5146?
62
What is the highest common factor of 3170 and 30?
10
What is the greatest common factor of 763 and 14?
7
What is the greatest common factor of 3525 and 1200?
75
What is the greatest common factor of 3360 and 210?
210
What is the greatest common divisor of 48 and 624?
48
What is the highest common divisor of 19 and 1159?
19
What is the highest common factor of 6 and 3?
3
Calculate the greatest common factor of 53 and 43937.
53
What is the greatest common divisor of 480 and 18?
6
Calculate the highest common divisor of 6 and 69.
3
Calculate the greatest common divisor of 280 and 98.
14
Calculate the greatest common factor of 135 and 255.
15
Calculate the highest common divisor of 19 and 5491.
19
Calculate the highest common factor of 10471 and 111.
37
What is the highest common divisor of 33 and 275?
11
Calculate the greatest common factor of 7284 and 12.
12
Calculate the highest common divisor of 26 and 767.
13
Calculate the highest common divisor of 1 and 79.
1
Calculate the greatest common divisor of 66 and 1155.
33
What is the highest common factor of 22 and 198?
22
What is the highest common factor of 2112 and 22?
22
What is the highest common factor of 12 and 8?
4
Calculate the highest common divisor of 32006 and 26.
26
Calculate the greatest common factor of 1 and 89.
1
What is the greatest common factor of 32 and 544?
32
Calculate the greatest common factor of 40 and 490.
10
Calculate the greatest common factor of 340 and 34.
34
What is the greatest common factor of 6281 and 11?
11
Calculate the greatest common factor of 475 and 350.
25
Calculate the highest common divisor of 8 and 1752.
8
What is the highest common divisor of 20 and 1420?
20
What is the highest common divisor of 91 and 47047?
91
Calculate the highest common divisor of 204 and 476.
68
Calculate the highest common divisor of 35 and 2650.
5
What is the greatest common divisor of 55 and 2827?
11
What is the highest common factor of 56 and 140?
28
What is the highest common factor of 8018 and 38?
38
Calculate the highest common divisor of 37310 and 455.
455
Calculate the greatest common divisor of 20 and 365.
5
Calculate the highest common factor of 1633 and 71.
71
What is the greatest common divisor of 30 and 13690?
10
What is the greatest common divisor of 98 and 2?
2
What is the greatest common divisor of 1068 and 36?
12
Calculate the highest common factor of 56 and 152.
8
Calculate the highest common factor of 2 and 10.
2
Calculate the greatest common factor of 978 and 6.
6
Calculate the highest common factor of 47 and 4.
1
Calculate the greatest common factor of 10 and 136.
2
Calculate the highest common factor of 9 and 1.
1
What is the highest common divisor of 110 and 2230?
10
What is the highest common factor of 194 and 23862?
194
Calculate the greatest common factor of 26 and 299.
13
Calculate the greatest common factor of 27 and 315.
9
Calculate the greatest common factor of 260 and 39.
13
Calculate the greatest common divisor of 659 and 1.
1
What is the highest common factor of 34 and 306?
34
Calculate the highest common divisor of 1919 and 1313.
101
What is the highest common factor of 268 and 871?
67
Calculate the highest common divisor of 13429 and 26.
13
Calculate the highest common factor of 20 and 716.
4
Calculate the greatest common divisor of 649 and 177.
59
Calculate the highest common factor of 2200 and 20.
20
Calculate the highest common divisor of 27 and 486.
27
What is the highest common factor of 100 and 140?
20
Calculate the greatest common factor of 45 and 10413.
9
What is the highest common divisor of 923 and 247?
13
Calculate the highest common divisor of 1 and 9.
1
What is the highest common divisor of 18943 and 19?
19
What is the greatest common factor of 105 and 120?
15
Calculate the greatest common divisor of 1405 and 14893.
281
What is the highest common divisor of 14 and 378?
14
Calculate the greatest common factor of 2337 and 287.
41
What is the highest common divisor of 10 and 208?
2
What is the greatest common divisor of 5 and 715?
5
Calculate the highest common factor of 30 and 5925.
15
What is the highest common factor of 168 and 294?
42
Calculate the highest common factor of 4765 and 10.
5
What is the greatest common divisor of 1207 and 34?
17
What is the highest common factor of 869 and 11?
11
What is the highest common factor of 114 and 76950?
114
Calculate the highest common factor of 35 and 20.
5
What is the highest common factor of 126 and 27?
9
Calculate the highest common factor of 98 and 1414.
14
What is the greatest common factor of 2022 and 138?
6
What is the highest common divisor of 228 and 132?
12
Calculate the greatest common divisor of 192 and 12.
12
What is the greatest common factor of 44 and 16?
4
Calculate the highest common factor of 205 and 1927.
41
Calculate the greatest common divisor of 189 and 441.
63
What is the highest common divisor of 7994 and 14?
14
What is the greatest common factor of 30 and 18?
6
Calculate the highest common divisor of 441 and 21.
21
What is the greatest common factor of 1363 and 141?
47
Calculate the greatest common divisor of 7 and 413.
7
Calculate the greatest common factor of 18 and 81.
9
What is the greatest common factor of 40 and 272?
8
Calculate the highest common factor of 120 and 40.
40
What is the greatest common factor of 2349 and 29?
29
Calculate the highest common divisor of 77 and 44429.
77
Calculate the highest common factor of 18202 and 38.
38
Calculate the greatest common divisor of 38324 and 22.
22
What is the highest common factor of 32 and 2864?
16
Calculate the greatest common factor of 144 and 64.
16
What is the greatest common divisor of 777 and 21?
21
Calculate the greatest common divisor of 6285 and 15.
15
Calculate the greatest common divisor of 35127 and 27.
27
Calculate the highest common divisor of 143 and 26.
13
Calculate the greatest common factor of 63 and 343.
7
What is the highest common factor of 22 and 13618?
22
Calculate the greatest common divisor of 1302 and 364.
14
Calculate the greatest common divisor of 174 and 725.
29
What is the greatest common factor of 44 and 44?
44
What is the greatest common divisor of 5805 and 243?
27
Calculate the highest common factor of 22900 and 300.
100
Calculate the greatest common divisor of 100 and 16.
4
What is the highest common divisor of 96 and 1992?
24
What is the highest common factor of 108 and 100?
4
Calculate the greatest common divisor of 729 and 27.
27
Calculate the greatest common factor of 712 and 10858.
178
Calcu